{"id":590,"date":"2023-09-15T11:12:31","date_gmt":"2023-09-15T09:12:31","guid":{"rendered":"https:\/\/ff-endorf.de\/?page_id=590"},"modified":"2023-09-15T12:25:53","modified_gmt":"2023-09-15T10:25:53","slug":"590-2","status":"publish","type":"page","link":"https:\/\/ff-endorf.de\/?page_id=590","title":{"rendered":"Offene Stellen"},"content":{"rendered":"\n<p class=\"has-text-align-center has-background\" style=\"background:linear-gradient(135deg,rgb(251,243,245) 0%,rgb(251,127,127) 50%,rgb(246,99,99) 100%)\"><strong>Stellenausschreibung f\u00fcr ganz besondere Aufgaben<\/strong><\/p>\n\n\n\n<p><strong>Ihr Profil:<\/strong><\/p>\n\n\n\n<p>&#8211;&nbsp; weiblich\/m\u00e4nnlich\/divers&nbsp;zwischen 12 und 65 Jahren<br>&#8211; Wohnsitz oder Arbeitsplatz in der Gemarkung Endorf<br>&#8211;&nbsp; motiviert, teamf\u00e4hig<br>&#8211;&nbsp; gesund, k\u00f6rperlich und geistig fit<br>&#8211;&nbsp; technisches Interesse&nbsp;&nbsp;&nbsp;&nbsp;&nbsp;&nbsp;&nbsp;&nbsp;&nbsp;&nbsp;&nbsp;&nbsp;<br>&#8211;&nbsp; kein finanzielles Interesse<\/p>\n\n\n\n<p><strong>Unser Profil:<\/strong><\/p>\n\n\n\n<p>&#8211; &nbsp;wir sind als Dienstleister seit \u00fcber 135 Jahren im Dienst \u2013 wir sind sozusagen &nbsp;&nbsp;\u201eMonopolist\u201c<br>&#8211;&nbsp; wir sind im 24 Stunden Dauerbereitschaftseinsatz und dies an 365 Tagen im Jahr<br>&#8211;&nbsp; wir garantieren professionelle Sicherheit f\u00fcr unsere B\u00fcrgerinnen und B\u00fcrger<br>&#8211;&nbsp; wir leben Gemeinschaftsgeist vor<br>&#8211;&nbsp; wir f\u00f6rdern und fordern zu 100%<br>&#8211;&nbsp; wir \u00fcbernehmen auch fast unm\u00f6gliche Aufgaben<\/p>\n\n\n\n<p><strong>Wir bieten:<\/strong><\/p>\n\n\n\n<p>&#8211; Dienstwagen (muss in der Regel&nbsp;mit weiteren&nbsp;Mitarbeitern geteilt werden)<br>&#8211; Daueranstellung bis zum 65. Lebensjahr<br>&#8211; 24 h Rufbereitschaft<br>&#8211; Arbeiten bei jedem Wetter<br>&#8211; Dienstbekleidung<br>&#8211; Teamwork, Geselligkeit<br>&#8211; T\u00e4tigkeiten die immer unterschiedlich sind und deshalb nie langweilig werden<br>&#8211; Arbeitspl\u00e4tze die mit L\u00e4rm, N\u00e4sse, Hitze, Schmutz und Stress zu tun haben<br>&#8211; Aufgabenumfelder die vorher nie planbar sind<br>&#8211; Nette Kolleginnen und Kollegen die verdammt viel Spa\u00df an der Arbeit haben<br>&#8211; Ein Dankesch\u00f6n als Aufwandsentsch\u00e4digung!<br>&#8211; Ehrungen<\/p>\n\n\n\n<p>F\u00fchlen Sie sich angesprochen und planen f\u00fcr die Zukunft eine neue Herausforderung?<br>&#x27a1; <strong>Dann kommen sie doch zur Feuerwehr Endorf<\/strong><\/p>\n\n\n\n<p>Ihre aussagekr\u00e4ftige Bewerbung richten Sie bitte an:<\/p>\n\n\n\n<p>1. Kommandant Sebastian Wagner<\/p>\n\n\n\n<p>Tel: 0160 \/ 3090127<br>E-Mail: 1.kommandant@endorf.com&nbsp;<br><\/p>\n\n\n\n<p>Oder kommen Sie einfach an einem \u00dcbungsabend jeden zweiten Montag oder jeden dritten Donnerstag um 19 Uhr am Feuerwehrger\u00e4tehaus in Endorf vorbei.<\/p>\n\n\n\n<p class=\"has-text-align-center\"><strong>Wir w\u00fcrden uns freuen<\/strong><\/p>\n\n\n<div class=\"wp-block-image\">\n<figure class=\"aligncenter size-full is-resized\"><img loading=\"lazy\" decoding=\"async\" src=\"https:\/\/ff-endorf.de\/wp-content\/uploads\/2019\/06\/cropped-FFEndorf.jpg\" alt=\"\" class=\"wp-image-550\" style=\"width:105px;height:105px\" width=\"105\" height=\"105\" srcset=\"https:\/\/ff-endorf.de\/wp-content\/uploads\/2019\/06\/cropped-FFEndorf.jpg 512w, https:\/\/ff-endorf.de\/wp-content\/uploads\/2019\/06\/cropped-FFEndorf-300x300.jpg 300w, https:\/\/ff-endorf.de\/wp-content\/uploads\/2019\/06\/cropped-FFEndorf-150x150.jpg 150w, https:\/\/ff-endorf.de\/wp-content\/uploads\/2019\/06\/cropped-FFEndorf-270x270.jpg 270w, https:\/\/ff-endorf.de\/wp-content\/uploads\/2019\/06\/cropped-FFEndorf-192x192.jpg 192w, https:\/\/ff-endorf.de\/wp-content\/uploads\/2019\/06\/cropped-FFEndorf-180x180.jpg 180w, https:\/\/ff-endorf.de\/wp-content\/uploads\/2019\/06\/cropped-FFEndorf-32x32.jpg 32w\" sizes=\"auto, (max-width: 105px) 100vw, 105px\" \/><\/figure>\n<\/div>","protected":false},"excerpt":{"rendered":"<p>Stellenausschreibung f\u00fcr ganz besondere Aufgaben Ihr Profil: &#8211;&nbsp; weiblich\/m\u00e4nnlich\/divers&nbsp;zwischen 12 und 65 Jahren&#8211; Wohnsitz oder Arbeitsplatz in der Gemarkung Endorf&#8211;&nbsp; motiviert, teamf\u00e4hig&#8211;&nbsp; gesund, k\u00f6rperlich und geistig fit&#8211;&nbsp; technisches Interesse&nbsp;&nbsp;&nbsp;&nbsp;&nbsp;&nbsp;&nbsp;&nbsp;&nbsp;&nbsp;&nbsp;&nbsp;&#8211;&nbsp; kein finanzielles Interesse Unser Profil: &#8211; &nbsp;wir sind als Dienstleister seit &hellip; <a href=\"https:\/\/ff-endorf.de\/?page_id=590\">Weiterlesen <span class=\"meta-nav\">&rarr;<\/span><\/a><\/p>\n","protected":false},"author":2,"featured_media":548,"parent":0,"menu_order":0,"comment_status":"closed","ping_status":"closed","template":"onecolumn-page.php","meta":{"footnotes":""},"class_list":["post-590","page","type-page","status-publish","has-post-thumbnail","hentry"],"_links":{"self":[{"href":"https:\/\/ff-endorf.de\/index.php?rest_route=\/wp\/v2\/pages\/590","targetHints":{"allow":["GET"]}}],"collection":[{"href":"https:\/\/ff-endorf.de\/index.php?rest_route=\/wp\/v2\/pages"}],"about":[{"href":"https:\/\/ff-endorf.de\/index.php?rest_route=\/wp\/v2\/types\/page"}],"author":[{"embeddable":true,"href":"https:\/\/ff-endorf.de\/index.php?rest_route=\/wp\/v2\/users\/2"}],"replies":[{"embeddable":true,"href":"https:\/\/ff-endorf.de\/index.php?rest_route=%2Fwp%2Fv2%2Fcomments&post=590"}],"version-history":[{"count":7,"href":"https:\/\/ff-endorf.de\/index.php?rest_route=\/wp\/v2\/pages\/590\/revisions"}],"predecessor-version":[{"id":598,"href":"https:\/\/ff-endorf.de\/index.php?rest_route=\/wp\/v2\/pages\/590\/revisions\/598"}],"wp:featuredmedia":[{"embeddable":true,"href":"https:\/\/ff-endorf.de\/index.php?rest_route=\/wp\/v2\/media\/548"}],"wp:attachment":[{"href":"https:\/\/ff-endorf.de\/index.php?rest_route=%2Fwp%2Fv2%2Fmedia&parent=590"}],"curies":[{"name":"wp","href":"https:\/\/api.w.org\/{rel}","templated":true}]}}

<p class="has-text-align-center has-background" style="background:linear-gradient(135deg,rgb(251,243,245) 0%,rgb(251,127,127) 50%,rgb(246,99,99) 100%)"><strong>Stellenausschreibung für ganz besondere Aufgaben</strong></p>



<p><strong>Ihr Profil:</strong></p>



<p>&#8211;&nbsp; weiblich/männlich/divers&nbsp;zwischen 12 und 65 Jahren<br>&#8211; Wohnsitz oder Arbeitsplatz in der Gemarkung Endorf<br>&#8211;&nbsp; motiviert, teamfähig<br>&#8211;&nbsp; gesund, körperlich und geistig fit<br>&#8211;&nbsp; technisches Interesse&nbsp;&nbsp;&nbsp;&nbsp;&nbsp;&nbsp;&nbsp;&nbsp;&nbsp;&nbsp;&nbsp;&nbsp;<br>&#8211;&nbsp; kein finanzielles Interesse</p>



<p><strong>Unser Profil:</strong></p>



<p>&#8211; &nbsp;wir sind als Dienstleister seit über 135 Jahren im Dienst – wir sind sozusagen &nbsp;&nbsp;„Monopolist“<br>&#8211;&nbsp; wir sind im 24 Stunden Dauerbereitschaftseinsatz und dies an 365 Tagen im Jahr<br>&#8211;&nbsp; wir garantieren professionelle Sicherheit für unsere Bürgerinnen und Bürger<br>&#8211;&nbsp; wir leben Gemeinschaftsgeist vor<br>&#8211;&nbsp; wir fördern und fordern zu 100%<br>&#8211;&nbsp; wir übernehmen auch fast unmögliche Aufgaben</p>



<p><strong>Wir bieten:</strong></p>



<p>&#8211; Dienstwagen (muss in der Regel&nbsp;mit weiteren&nbsp;Mitarbeitern geteilt werden)<br>&#8211; Daueranstellung bis zum 65. Lebensjahr<br>&#8211; 24 h Rufbereitschaft<br>&#8211; Arbeiten bei jedem Wetter<br>&#8211; Dienstbekleidung<br>&#8211; Teamwork, Geselligkeit<br>&#8211; Tätigkeiten die immer unterschiedlich sind und deshalb nie langweilig werden<br>&#8211; Arbeitsplätze die mit Lärm, Nässe, Hitze, Schmutz und Stress zu tun haben<br>&#8211; Aufgabenumfelder die vorher nie planbar sind<br>&#8211; Nette Kolleginnen und Kollegen die verdammt viel Spaß an der Arbeit haben<br>&#8211; Ein Dankeschön als Aufwandsentschädigung!<br>&#8211; Ehrungen</p>



<p>Fühlen Sie sich angesprochen und planen für die Zukunft eine neue Herausforderung?<br>&#x27a1; <strong>Dann kommen sie doch zur Feuerwehr Endorf</strong></p>



<p>Ihre aussagekräftige Bewerbung richten Sie bitte an:</p>



<p>1. Kommandant Sebastian Wagner</p>



<p>Tel: 0160 / 3090127<br>E-Mail: 1.kommandant@endorf.com&nbsp;<br></p>



<p>Oder kommen Sie einfach an einem Übungsabend jeden zweiten Montag oder jeden dritten Donnerstag um 19 Uhr am Feuerwehrgerätehaus in Endorf vorbei.</p>



<p class="has-text-align-center"><strong>Wir würden uns freuen</strong></p>


<div class="wp-block-image">
<figure class="aligncenter size-full is-resized"><img loading="lazy" decoding="async" src="https://ff-endorf.de/wp-content/uploads/2019/06/cropped-FFEndorf.jpg" alt="" class="wp-image-550" style="width:105px;height:105px" width="105" height="105" srcset="https://ff-endorf.de/wp-content/uploads/2019/06/cropped-FFEndorf.jpg 512w, https://ff-endorf.de/wp-content/uploads/2019/06/cropped-FFEndorf-300x300.jpg 300w, https://ff-endorf.de/wp-content/uploads/2019/06/cropped-FFEndorf-150x150.jpg 150w, https://ff-endorf.de/wp-content/uploads/2019/06/cropped-FFEndorf-270x270.jpg 270w, https://ff-endorf.de/wp-content/uploads/2019/06/cropped-FFEndorf-192x192.jpg 192w, https://ff-endorf.de/wp-content/uploads/2019/06/cropped-FFEndorf-180x180.jpg 180w, https://ff-endorf.de/wp-content/uploads/2019/06/cropped-FFEndorf-32x32.jpg 32w" sizes="auto, (max-width: 105px) 100vw, 105px" /></figure>
</div>

<p>Stellenausschreibung für ganz besondere Aufgaben Ihr Profil: &#8211;&nbsp; weiblich/männlich/divers&nbsp;zwischen 12 und 65 Jahren&#8211; Wohnsitz oder Arbeitsplatz in der Gemarkung Endorf&#8211;&nbsp; motiviert, teamfähig&#8211;&nbsp; gesund, körperlich und geistig fit&#8211;&nbsp; technisches Interesse&nbsp;&nbsp;&nbsp;&nbsp;&nbsp;&nbsp;&nbsp;&nbsp;&nbsp;&nbsp;&nbsp;&nbsp;&#8211;&nbsp; kein finanzielles Interesse Unser Profil: &#8211; &nbsp;wir sind als Dienstleister seit &hellip; <a href="https://ff-endorf.de/?page_id=590">Weiterlesen <span class="meta-nav">&rarr;</span></a></p>
